{"id":2155,"date":"2020-12-12T16:11:30","date_gmt":"2020-12-12T16:11:30","guid":{"rendered":"https:\/\/royalcardetailing.al\/?post_type=product&#038;p=2155"},"modified":"2020-12-12T23:27:54","modified_gmt":"2020-12-12T23:27:54","slug":"detailing-brush","status":"publish","type":"product","link":"https:\/\/royalcardetailing.al\/index.php\/product\/detailing-brush\/","title":{"rendered":"Detailing Brushes Set 5 Cope"},"content":{"rendered":"<p>Detailing Brushes<br \/>\nFur\u00e7a t\u00eb madh\u00ebsive t\u00eb ndryshme, per pastrimin e siperfaqeve t\u00eb ngushta ku aksesi i tyre nuk \u00ebshte i lehte.<br \/>\nMund t\u00eb p\u00ebrdoren dhe jane te sigurta p\u00ebr ferkimin e siperfaqeve si kroskote, dyer, sedilet e l\u00ebkur\u00ebs etj.<\/p>\n","protected":false},"excerpt":{"rendered":"<p>Fur\u00e7e p\u00ebr detaje<\/p>\n","protected":false},"featured_media":2154,"template":"","meta":[],"_links":{"self":[{"href":"https:\/\/royalcardetailing.al\/index.php\/wp-json\/wp\/v2\/product\/2155"}],"collection":[{"href":"https:\/\/royalcardetailing.al\/index.php\/wp-json\/wp\/v2\/product"}],"about":[{"href":"https:\/\/royalcardetailing.al\/index.php\/wp-json\/wp\/v2\/types\/product"}],"wp:featuredmedia":[{"embeddable":true,"href":"https:\/\/royalcardetailing.al\/index.php\/wp-json\/wp\/v2\/media\/2154"}],"wp:attachment":[{"href":"https:\/\/royalcardetailing.al\/index.php\/wp-json\/wp\/v2\/media?parent=2155"}],"curies":[{"name":"wp","href":"https:\/\/api.w.org\/{rel}","templated":true}]}}