{"id":2146,"date":"2020-12-12T15:49:08","date_gmt":"2020-12-12T15:49:08","guid":{"rendered":"https:\/\/royalcardetailing.al\/?post_type=product&#038;p=2146"},"modified":"2020-12-12T15:59:37","modified_gmt":"2020-12-12T15:59:37","slug":"wash-mitt","status":"publish","type":"product","link":"https:\/\/royalcardetailing.al\/index.php\/product\/wash-mitt\/","title":{"rendered":"Wash Mitt"},"content":{"rendered":"<p>&#8216;Wash Mitt&#8217;<br \/>\nNuk l\u00ebshon fibra\/ Jo-g\u00ebrryese<br \/>\nDorashka mikrofiber me cil\u00ebsi t\u00eb shk\u00eblqyera p\u00ebr aft\u00ebsin\u00eb pastruese m\u00eb efektive<br \/>\nE sigurte per siperfaqen e jashtme te automjetit,e rehatshme dhe praktike<br \/>\nJasht\u00ebzakonisht e q\u00ebndrueshme<br \/>\nAft\u00ebsia p\u00ebr t&#8217;i b\u00ebr\u00eb ball\u00eb qindra larjeve me kujdesin e duhur.<\/p>\n<p>Mir\u00ebmbajtja: Nuk lahet n\u00eb lavatri\u00e7e.<br \/>\nNgjyrat n\u00eb stok: Portokalli, Jeshile, Blu dhe e Kuqe. <\/p>\n","protected":false},"excerpt":{"rendered":"<p>Blu<br \/>\nDoreze p\u00ebr larje makine<\/p>\n","protected":false},"featured_media":2147,"template":"","meta":[],"_links":{"self":[{"href":"https:\/\/royalcardetailing.al\/index.php\/wp-json\/wp\/v2\/product\/2146"}],"collection":[{"href":"https:\/\/royalcardetailing.al\/index.php\/wp-json\/wp\/v2\/product"}],"about":[{"href":"https:\/\/royalcardetailing.al\/index.php\/wp-json\/wp\/v2\/types\/product"}],"wp:featuredmedia":[{"embeddable":true,"href":"https:\/\/royalcardetailing.al\/index.php\/wp-json\/wp\/v2\/media\/2147"}],"wp:attachment":[{"href":"https:\/\/royalcardetailing.al\/index.php\/wp-json\/wp\/v2\/media?parent=2146"}],"curies":[{"name":"wp","href":"https:\/\/api.w.org\/{rel}","templated":true}]}}