{"id":2113,"date":"2020-12-12T13:52:06","date_gmt":"2020-12-12T13:52:06","guid":{"rendered":"https:\/\/royalcardetailing.al\/?post_type=product&#038;p=2113"},"modified":"2020-12-12T13:53:03","modified_gmt":"2020-12-12T13:53:03","slug":"royal-mikrofiber-edgeless-2","status":"publish","type":"product","link":"https:\/\/royalcardetailing.al\/index.php\/product\/royal-mikrofiber-edgeless-2\/","title":{"rendered":"Royal Mikrofiber &#8216;Edgeless&#8217;"},"content":{"rendered":"<p>Madh\u00ebsia: 40&#215;40 cm<br \/>\nTrash\u00ebsia: 400 gsm<br \/>\nP\u00ebrb\u00ebrja: 80% Polyester 20% Polyamide<\/p>\n<p>&#8216;Edgeless Microfiber&#8217; \u00ebsht\u00eb e p\u00ebrshtatshme p\u00ebr t\u00eb pastruar sip\u00ebrfaqet e jashtme t\u00eb automjetit si dhe sip\u00ebrfaqe t\u00eb ndryshme, pasi \u00ebsht\u00eb pa qepjet an\u00ebsore \u00e7ka e b\u00ebn t\u00eb sigurt\u00eb p\u00ebr t\u00eb mos krijuar t\u00eb gervishura. N\u00eb nj\u00ebr\u00ebn an\u00eb fijet jan\u00eb t\u00eb gjata n\u00eb an\u00ebn tjet\u00ebr fijet jan\u00eb t\u00eb shkurtra.<br \/>\nNga profesionist\u00ebt p\u00ebrdoret gjat\u00eb pro\u00e7esit t\u00eb lu\u00e7idimit p\u00ebr t\u00eb pastruar mbetjet e past\u00ebs n\u00eb m\u00ebnyr\u00eb efi\u00e7ente, si dhe gjat\u00eb aplikimit t\u00eb &#8216;coatings&#8217; t\u00eb ndryshme si qeramike,sealent dhe wax.<\/p>\n<p>Mir\u00ebmbajtja: Mund t\u00eb lahet n\u00eb lavatri\u00e7e deri n\u00eb 40 grade, pa zbut\u00ebs.<br \/>\nNgjyrat n\u00eb stok: E verdhe, gri dhe blu. <\/p>\n","protected":false},"excerpt":{"rendered":"<p>Gri<\/p>\n","protected":false},"featured_media":2114,"template":"","meta":[],"_links":{"self":[{"href":"https:\/\/royalcardetailing.al\/index.php\/wp-json\/wp\/v2\/product\/2113"}],"collection":[{"href":"https:\/\/royalcardetailing.al\/index.php\/wp-json\/wp\/v2\/product"}],"about":[{"href":"https:\/\/royalcardetailing.al\/index.php\/wp-json\/wp\/v2\/types\/product"}],"wp:featuredmedia":[{"embeddable":true,"href":"https:\/\/royalcardetailing.al\/index.php\/wp-json\/wp\/v2\/media\/2114"}],"wp:attachment":[{"href":"https:\/\/royalcardetailing.al\/index.php\/wp-json\/wp\/v2\/media?parent=2113"}],"curies":[{"name":"wp","href":"https:\/\/api.w.org\/{rel}","templated":true}]}}